y**2 - 3*y + 4. Let w be a(-3). Suppose -14 = -5*q - w. List the prime factors of q.
2
Let k = 123 + -68. What are the prime factors of k?
5, 11
Suppose 0 = -5*a - 2*q + 201, a - 210 = -4*a - 5*q. Suppose r + 4*r - a = u, -2*r + u + 15 = 0. List the prime factors of r.
2
Let y = 126 - 56. What are the prime factors of y?
2, 5, 7
Let p = -70 + 117. What are the prime factors of p?
47
Let v(p) = -8*p - 6. List the prime factors of v(-14).
2, 53
Let x(y) = 3*y + 11 + 5*y**3 - 3*y - 7*y + 9*y**2. Let b(p) = -4*p**3 - 8*p**2 + 6*p - 10. Let j(f) = 4*b(f) + 3*x(f). What are the prime factors of j(-6)?
11
Let m = 11 + -6. Let n(t) be the second derivative of t**3/6 + 2*t**2 - 2*t. What are the prime factors of n(m)?
3
Let x(u) = u**2 + 5*u - 10. Let j be x(-7). Suppose j*c - 28 = 2*c. List the prime factors of c.
2, 7
Suppose 2*r + r = 414. What are the prime factors of r?
2, 3, 23
Let x be 3/4 - (-182)/56. Suppose x*v + v - 30 = 0. List the prime factors of v.
2, 3
Let q(h) = 3 + 4 + h**2 - 5*h + 0*h**2. Let a be q(6). Suppose -4*z + 45 = a. What are the prime factors of z?
2
Suppose 3*u - 28 = 20. List the prime factors of u.
2
Let i = 44 - 4. What are the prime factors of i?
2, 5
Suppose 2*o - s = 40, -5*o + 5*s = -7 - 93. What are the prime factors of o?
2, 5
Let b(s) = 3*s + 1. Let t be b(-7). Let m be t/(-6) - 4/12. Let g = m - -7. List the prime factors of g.
2, 5
Suppose -3*j = -7*j + 5*g + 46, 5*j + 3*g - 39 = 0. List the prime factors of j.
3
Let v(j) = -j**3 - 6*j**2 - 4*j + 5. Let z be v(-5). Suppose -x = -z*x - 4. Let d = 7 - x. What are the prime factors of d?
3
Suppose -2*q + 130 = -3*h, 6*q - 254 = 2*q + 3*h. List the prime factors of q.
2, 31
Let x = -10 - -3. Let o(a) = -a**2 - 8*a - 4. Let w be o(x). Let f = w + -1. What are the prime factors of f?
2
Suppose -4*i - 102 = 2*c, -3*i - 47 - 19 = 5*c. What are the prime factors of 6/i - 191/(-9)?
3, 7
Let p(x) = 14*x + 2. What are the prime factors of p(5)?
2, 3
Let x(m) be the first derivative of -15*m**2 + 2. Let t be x(-2). Suppose -t = -5*o + 20. List the prime factors of o.
2
Suppose -120 = -3*y + 75. Suppose -3*m + y = 4*b, 1 = 2*b - 9. Let f = m + -7. List the prime factors of f.
2
Suppose 16 = -2*o + 66. Let n = -11 + o. What are the prime factors of n?
2, 7
Let m(d) = 5*d - 9. Let g(l) = 4*l - 8. Let u(q) = -7*g(q) + 6*m(q). What are the prime factors of u(3)?
2
Let p be (3/4)/(1/8). Let f(d) = d - 8. Let o be f(p). List the prime factors of (11/o)/((-2)/4).
11
Let i be 4/16 - (-23)/4. Let z(l) = -l**3 + i - 2*l**2 - 4 + 3*l**3. What are the prime factors of z(2)?
2, 5
Let o = 32 - 18. Suppose 0*i + b = i - o, 0 = -5*i + b + 74. List the prime factors of i.
3, 5
Let w = -18 - -44. Suppose 5*o - 34 = w. What are the prime factors of o?
2, 3
Suppose 5*w + 7 = 27. Suppose 5*k = n + 9, -9 = k - w*k - 3*n. Suppose l = 3*m - 4*l - 22, k*m = -3*l + 21. List the prime factors of m.
3
Let a = 19 + -46. What are the prime factors of (-1 - a)/2*1?
13
Let p(r) = -r + 13. Let u(i) = 2*i - 4. Let b be u(-4). Let m be (-202)/(-22) - b/(-66). What are the prime factors of p(m)?
2
Let y(s) = -2*s - 3. Let q(w) = -w**3 + 3*w**2 - w + 1. Let a be q(3). Let b = -5 - a. List the prime factors of y(b).
3
Let v be (-4)/(-6) - (-52)/(-6). Let i = v + 20. Suppose -d = -4*d + i. What are the prime factors of d?
2
Let y(b) = -90*b - 18. List the prime factors of y(-3).
2, 3, 7
Let c(j) = -8*j + 25. Let m(h) = 0 - 2*h + 2 + 3 + 1. Let x(f) = -2*c(f) + 9*m(f). List the prime factors of x(-4).
2, 3
Let s(r) = r + 1. Let w be s(3). List the prime factors of 7/(3 + (2 - w)).
7
Let j(g) = 4*g**3 - 11*g**2 - 15*g - 1. Let k(f) = -f**3 + 4*f**2 + 5*f. Let p(b) = -2*j(b) - 7*k(b). List the prime factors of p(-5).
2
Let u(r) = 7. Let k(s) = s + 6. Let q(z) = -5*k(z) + 4*u(z). What are the prime factors of q(-4)?
2, 3
Suppose -5*h + 0*h = -15. Suppose 4*y - h*n - 28 = 0, 0 = y - 2*n + n - 6. List the prime factors of y.
2, 5
Let x(i) = i**3 + 11*i**2 - 11*i + 15. Let v be x(-12). Let t = v + 2. List the prime factors of t.
5
Let h(n) = -n - 3. Let y = -3 + 6. Let i be h(y). What are the prime factors of (i/(-9))/(-1)*-12?
2
Let w(x) be the third derivative of x**6/120 - x**5/15 - x**3/6 - x**2. What are the prime factors of w(5)?
2, 3
Suppose -4*r = 5*f - 1304, -2*r + 252 = f + r. List the prime factors of f.
2, 3, 11
List the prime factors of (2/(-4))/((-2)/192).
2, 3
List the prime factors of 1*-3 - (9 + -145).
7, 19
Let i(n) be the second derivative of -n**3/3 + 5*n**2/2 + 4*n. List the prime factors of i(-6).
17
Suppose -15*m + 1 = -14*m. What are the prime factors of 3 - 1/(-1) - m?
3
Suppose 0*i - 87 = -3*i + 3*h, -14 = -i + 4*h. List the prime factors of i.
2, 17
Suppose 3*h + 36 = -4*b, 2*b - 2*h = -2*b - 16. List the prime factors of b/21 - 258/(-21).
2, 3
Suppose 0 = -3*r - 2 - 1. Let q be (-4 - r) + 1 - -15. Let x = q + -1. List the prime factors of x.
2, 3
Let g(y) = y**2 + 2. Let z be -2 + 2 - (-4)/2. Let h = z + -2. What are the prime factors of g(h)?
2
Let x(b) = -b**2 + 6*b + 1. Suppose -4*k + 0*k = -12. What are the prime factors of x(k)?
2, 5
Suppose -5*z = 5, 5*d = -5*z + 2*z + 417. What are the prime factors of d?
2, 3, 7
Suppose -19*a + 588 = -16*a. List the prime factors of a.
2, 7
Let p(u) = -2*u - 1. Let j be p(-2). Let s = j + 1. What are the prime factors of s?
2
Let r(q) = -q**3 - 8*q**2 - 7*q + 1. Let w(h) = -h**3 - h**2 + 3*h - 1. Let y be w(2). Let u be r(y). What are the prime factors of 4/(u + 2/2)?
2
Let v be 1/5 - (-696)/20. Let r = v - 24. List the prime factors of r.
11
Let a = -6 - -10. List the prime factors of a/((-8)/(-59))*2.
59
Let v(w) = -w**3 + w**2 - w + 76. List the prime factors of v(0).
2, 19
Let n(z) = -z**2 - 7*z. Let a be n(-6). List the prime factors of (-4)/(a/(-27) + 0).
2, 3
Let t(h) = 3*h**2 + h - 2. Suppose 5*d - 4*i - 32 = 0, 8 = -4*d + 5*i + 39. Let v(q) = q**2. Let x(l) = d*v(l) - t(l). What are the prime factors of x(0)?
2
Suppose -4*b + 68 = -0*b. What are the prime factors of b?
17
Suppose 23 = 3*z - 4. Let q be (z/(-6))/(9/(-12)). Suppose 2*v + 5*u - 55 = -q*v, -44 = -5*v + 2*u. List the prime factors of v.
2, 5
Suppose 0 = 3*h + 5*v - 25, 9*h - 4*h + 5 = v. Suppose 4*u + h*u = 0. Suppose -4*m = -2*m + d - 22, -m - d + 13 = u. List the prime factors of m.
3
Let p = 102 + -56. What are the prime factors of p?
2, 23
Let m(g) = -g + 18. Let b be (-111)/(-15) - 3/(-5). Let f be m(b). Let o = -3 + f. List the prime factors of o.
7
Let f(x) = -x**3 + 7*x**2 + 8*x + 1. Let a be f(6). Suppose -3*b = -0*n + n - 73, -3*b - 4*n + a = 0. Let z = 34 - b. What are the prime factors of z?
11
Let p be (13/5 - 3)*5. What are the prime factors of (-468)/(-45) - p/(-5)?
2, 5
Suppose 0 = 10*p - 6*p. List the prime factors of p - (3 - (13 + -2)).
2
Let d = 8 + -5. Let p(j) = d*j**3 - 3*j**3 + j**3 + 6*j**2 + 5*j + 6. What are the prime factors of p(-5)?
2, 3
Let o(r) = r**3 - 3*r**2 + r + 1. List the prime factors of o(4).
3, 7
Let p(a) = 7*a + 9. Let d be p(7). Let r = d - 35. Let w = r - 11. What are the prime factors of w?
2, 3
Suppose 96 = -2*k + 4*k. What are the prime factors of k?
2, 3
Suppose -h - 5*t = 6, -t - 6 = 4*h - 1. Let o = 7 + h. What are the prime factors of o?
2, 3
Let q(j) be the first derivative of j**3/3 + 5*j**2/2 - 9*j - 2. Let g be q(-7). Suppose 0*a + 5*a = -d + 20, 5*d = -g*a. What are the prime factors of a?
5
Let y(q) = q**3 + 6*q**2 + 5*q + 6. Let l be (3*5)/(-3) - -1. Let n be y(l). Suppose 0 = p + k + 3, -4*k - 4 - n = -p. List the prime factors of p.
2
List the prime factors of (47 + -1)/1 - 3.
43
Suppose i - 3*j - 20 = 0, 0 = -i - i - 2*j. Suppose -6*r = -r. Suppose -i*m + d = -47, r*d - 1 = -m - 4*d. What are the prime factors of m?
3
Suppose -488 = 20*d - 24*d. List the prime factors of d.
2, 61
List the prime factors of (171/(-9))/((-1)/18).
2, 3, 19
Suppose -u + 4*d = -17, d + 2 - 4 = -u. Suppose 47 = u*r - 18. List the prime factors of r.
13
Suppose 5*g - 28 + 9 = 3*w, w = 2*g - 7. Suppose 3*y = -4*l + 45, 0 = 3*y - g*l - 2*l - 21. What are the prime factors of y?
11
Let o = 413 + -283. What are the prime factors of o?
2, 5, 13
Let u(h) = -h**2 - 6*h + 1. Let q be u(-6). Let a = q - -11. What are the prime factors of a?
2, 3
Let